?
21
Let a be (-242)/(-8) - (-1 + (-15)/(-12)). Calculate the highest common divisor of 30 and a.
30
Suppose 2*n = f + 31, 6*f = 2*f + 2*n - 130. Let z = -6 + 4. Let b be z/11 + (-270)/f. Calculate the highest common divisor of b and 1.
1
Let h = -45 - -27. Let f be (-4)/h - (-158)/18. Calculate the greatest common factor of 9 and f.
9
Suppose 0 = 4*d + d - 60. Let h be 92 - (-3)/((-6)/(-4)). Suppose -j + 2*b + 20 = 0, 0 = 4*j - 3*b + 34 - h. What is the highest common factor of j and d?
12
Let y = 1 + 2. Suppose -2*c = y*d - c - 20, 5*d - 5*c - 60 = 0. What is the highest common factor of d and 24?
8
Suppose 48 = 2*g - n, 4*g - 3*n = -0*n + 96. Calculate the highest common divisor of g and 3.
3
Let w = -10 - -24. Calculate the highest common divisor of 14 and w.
14
Let c(d) = -11*d. Let p(l) = l - 7. Suppose 20 = 8*w - 3*w. Let x be p(w). Let a be c(x). What is the highest common factor of 11 and a?
11
Let c = -29 - -44. What is the highest common divisor of 120 and c?
15
Let q(i) = -i**2 - 19*i + 5. Let t be q(-19). What is the highest common divisor of t and 35?
5
Suppose y - 3*j = -3*y + 1237, 2 = 2*j. Suppose 3*r = 5*c + 191, -4*r + y = 2*c + 90. Suppose -5*l - r = -197. Calculate the highest common divisor of l and 4.
4
Let h = -61 - -103. What is the highest common factor of 14 and h?
14
Let h(r) = -r + 4. Let j be h(-9). Calculate the greatest common factor of 26 and j.
13
Let w = -10 - -19. Let s = -6 + w. Let z be (s/2)/(1/2). What is the greatest common factor of z and 9?
3
Let h be 2/(-13) + (-1237)/(-13) + 0. What is the greatest common divisor of 19 and h?
19
Let s = 108 + -63. Let f = s + -20. Let c be 46/10 - (-4)/10. Calculate the greatest common divisor of f and c.
5
Let q(d) = d**2 + 8*d + 8. Suppose -5*s - 11 - 24 = 0. Let l = s + 0. Let k be q(l). What is the highest common divisor of k and 7?
1
Suppose 0 = 3*v + v - 88. Let b = 8 - 6. Calculate the highest common factor of b and v.
2
Suppose 4*b - 12 = 3*b. Calculate the highest common divisor of 48 and b.
12
Suppose -164 = -5*b - 19. Let m be 68/(-6) + 2/6. Let u = b + m. Calculate the highest common factor of 36 and u.
18
Let j be (4/5)/((-10)/(-50)). Suppose -4*z + 328 = j. Calculate the highest common divisor of 9 and z.
9
Let y be 2/6 - 86/(-3). Suppose -y = -2*l + 1. Calculate the greatest common divisor of 75 and l.
15
Let u be (-1685)/(-20) - -5 - (-3)/4. Calculate the greatest common divisor of 10 and u.
10
Let s be (-2)/6 + (-22)/(-3). Let j be (-4 - -3) + (1 - -2). Suppose -j*m + 123 = 3*h, 2*h - 34 - 279 = -5*m. What is the greatest common divisor of s and m?
7
Let h = -22 + 19. Let v be 80/(-12)*h/2. What is the greatest common factor of 40 and v?
10
Let h be (0 - (-8)/6)*(-630)/(-60). What is the highest common factor of 210 and h?
14
Let o(l) = 4*l + 6. Let w be o(9). Calculate the greatest common divisor of 21 and w.
21
Let m be (-122)/(-18) - 8/(-36). Let c be (-31)/(-3) - (-4)/6. Let h = c - m. What is the greatest common factor of h and 6?
2
Let k(u) = u - 10. Let z be k(12). Suppose 40 = 4*y - 4*p, 4*p = -z*y - 3*y + 41. What is the highest common divisor of y and 54?
9
Let g = -1 - 4. Let s(b) = b**2 + 3*b - 1. Let f be s(g). Let v(q) = q**2 + q - 3. Let m be v(-4). What is the highest common divisor of m and f?
9
Let m be -12*(0 - (-32)/(-12)). Calculate the highest common divisor of m and 80.
16
Let y = -75 - -261. Let g = -95 + y. Let d(b) = 13*b**3. Let r be d(1). Calculate the highest common factor of g and r.
13
Let h be 25/2 - (-8)/16. Let d be (182/(-3))/((-4)/6). What is the greatest common divisor of h and d?
13
Let a(f) = 9*f + 27. Let x be a(8). What is the greatest common factor of x and 22?
11
Suppose 0 = -h + 4*v + 82 - 34, 0 = 5*v + 20. Let t be 3 + 5/(-1) - 8. Let l = 18 + t. Calculate the greatest common divisor of l and h.
8
Suppose -2*v + 280 = 3*v. Let y be (-1)/(-4) + 55/4. What is the greatest common factor of y and v?
14
Let m(i) = 2*i**2 + 2*i - 1. Let r be m(1). Suppose -4*a = -r*k + 210, -2*k = 3*a - 188 + 65. What is the greatest common divisor of 6 and k?
6
Let l(s) = -s + 3. Let z = 7 + -4. Let p be l(z). Let i = p + 7. Calculate the greatest common factor of 56 and i.
7
Let c(n) = -6*n - 8. Let s(t) = -7*t - 9. Let k(f) = 6*c(f) - 5*s(f). Let b be k(-8). What is the greatest common factor of b and 1?
1
Let z(g) = -8*g**3 + g**2 + g + 1. Let q be z(-2). Let f = 186 - q. What is the greatest common factor of 17 and f?
17
Suppose 2*d + 140 = 2*y + 2*y, 4*y - 146 = -d. Suppose -5*w = 4*r - 43 + 10, -r + 33 = 4*w. Calculate the greatest common divisor of w and y.
9
Suppose 2*s - 1 = w, 5*w = 4*s + 2 + 11. Let u be (0 + w)*378/15. Let f be (-1)/4 + 146/8. Calculate the greatest common factor of f and u.
18
Let l be 3 + -3 + 0 - 3. Let b be -1 + 26 + (l - -3). What is the highest common divisor of 10 and b?
5
Suppose -5 = -o - 3. Suppose 2*z + 2 = -r - z, -o*r = -z - 24. What is the highest common divisor of 110 and r?
10
Let b be 662 - (-6)/(0 + -3). Suppose -3*g - b = -8*g. What is the highest common factor of g and 12?
12
Let s(f) = -f**3 + 28*f**2 - 25*f - 51. Let k be s(27). Suppose -2*i + 5*v + 32 = 0, -5*v = -3*i - 0*v + 38. Calculate the highest common factor of i and k.
3
Let i be -2*(-2 + (-2 - 10)). Calculate the highest common divisor of 196 and i.
28
Let z = -21 - -36. Let d(j) = 2*j**2 - 5*j + 2. Let t be 1 + (-8)/4 - 6. Let q be d(t). Calculate the greatest common divisor of q and z.
15
Let z = -5 + 7. Suppose z*w - 75 = 35. What is the highest common divisor of 11 and w?
11
Suppose 0 = 4*f - 3*f - 26. Let i = f - 16. Calculate the highest common divisor of i and 40.
10
Let x(o) = o + 3. Let h be x(0). Let b be 3/7*(28 - 21). Suppose -3*j + 2*j = -4*t - 24, -b*t - h = 3*j. Calculate the highest common factor of j and 8.
4
Suppose -14 = 4*c - 66. What is the greatest common divisor of 182 and c?
13
Let p = 23 + -3. What is the highest common divisor of p and 60?
20
Let j(h) = h + 24. Suppose r = -r. Let o be j(r). Calculate the highest common divisor of 8 and o.
8
Suppose -18*o = -21*o + 12. Suppose 2*i + 46 = o*i. What is the highest common divisor of 161 and i?
23
Suppose 0 = 3*i + 21 + 9. Let w be (-2)/i - 119/(-5). Let q be 36/(4/((-16)/(-42)))*14. What is the greatest common divisor of w and q?
24
Let n be 10 + 16 + 2 + -4. Calculate the highest common divisor of n and 6.
6
Suppose 0 = d - 14. What is the greatest common factor of 112 and d?
14
Suppose -5*v + 3*n + 205 = 0, 6*n - 56 = -2*v + 2*n. What is the greatest common divisor of v and 114?
38
Let t = -26 - -31. Suppose 0*p + 23 = p - u, -103 = -t*p + u. Let z = -81 - -201. Calculate the highest common factor of z and p.
20
Suppose -2*f = 5*i - 37, f + 4 = 5*f - 4*i. Calculate the highest common divisor of 18 and f.
6
Suppose b + 83 = 4*f, 4*b + 3 = f - 14. Calculate the greatest common divisor of 168 and f.
21
Suppose -42 = -3*y + 45. Calculate the greatest common divisor of 29 and y.
29
Suppose 5*p = -3*w + 4*w + 111, 4*p - 80 = 3*w. Suppose 0*j - 3*j = 0. Suppose 2*o - 322 = -j*o. What is the greatest common divisor of o and p?
23
Let l = 11 - 5. Let s(u) = 3*u**2 + 7*u + 2. Let r be s(-5). Calculate the highest common factor of l and r.
6
Let d = -15 - -17. What is the greatest common factor of 26 and d?
2
Let u = 8 - 4. Suppose 0*w = 5*w - 180. Calculate the greatest common factor of w and u.
4
Let r(d) be the second derivative of -2*d**3/3 + 2*d**2 + d. Suppose -5*z - 15 = -0*z. Let q be r(z). Calculate the greatest common factor of 2 and q.
2
Suppose -10 - 32 = -3*j. What is the greatest common factor of 2 and j?
2
Suppose b + 2*m = 10, 3*m + m = 3*b - 40. Calculate the greatest common divisor of b and 8.
4
Suppose -4*x - 3 + 43 = 0. Let t be 1/(-3)*(-2 - -5). Let h be ((1 - -1)*-2)/t. What is the greatest common divisor of x and h?
2
Let q = -15 + 25. Suppose 2*j + 4 - 14 = 0. Let u = j + 10. Calculate the highest common divisor of u and q.
5
Suppose x - 34 = -x. Let n = x - 9. What is the greatest common divisor of 4 and n?
4
Let c be 30/(-25)*10/4. Let i = c - -5. Suppose 5*l + i*t - 363 = -t, -162 = -2*l + 3*t. Calculate the greatest common divisor of l and 30.
15
Let p = -330 + 480. Calculate the highest common factor of 60 and p.
30
Let